reatest common divisor of 2912604 and 5111562.
5802
Calculate the highest common factor of 61971618 and 38379.
3489
Calculate the highest common divisor of 348 and 88156868.
116
Calculate the greatest common divisor of 27987354 and 72.
18
Calculate the highest common factor of 5357592 and 8352.
72
Calculate the highest common divisor of 609808 and 8208.
16
What is the highest common factor of 2950287347 and 3199?
3199
Calculate the highest common factor of 84 and 1552923260.
28
Calculate the highest common divisor of 59595 and 686370.
2055
What is the greatest common factor of 29388 and 2010288?
372
Calculate the highest common divisor of 216 and 24049710.
54
Calculate the highest common factor of 25220442 and 1092.
78
What is the greatest common factor of 36110 and 2761610?
230
What is the highest common factor of 2663334 and 744?
186
Calculate the greatest common factor of 361176 and 91188.
1788
Calculate the greatest common divisor of 1472277 and 48117.
129
Calculate the highest common divisor of 155674 and 45982.
554
What is the highest common divisor of 35168600 and 4300?
100
Calculate the highest common factor of 11913 and 1803461.
209
Calculate the greatest common factor of 16272 and 26181.
9
Calculate the greatest common divisor of 953150 and 71053.
1733
Calculate the highest common factor of 43708 and 256466.
98
Calculate the greatest common factor of 29330392 and 5369.
91
Calculate the greatest common factor of 995907 and 622017.
3399
What is the greatest common factor of 78977030 and 528?
22
What is the greatest common divisor of 10871 and 133?
7
Calculate the highest common divisor of 37502 and 10370.
34
Calculate the greatest common factor of 167552 and 201960.
1496
Calculate the greatest common divisor of 507465 and 2854845.
2835
Calculate the highest common factor of 445 and 258310.
5
Calculate the highest common factor of 64 and 11489744.
16
Calculate the greatest common factor of 25021692 and 936.
36
Calculate the highest common factor of 23180 and 3627252.
76
Calculate the highest common divisor of 417 and 10607507.
139
Calculate the greatest common factor of 263902836 and 488.
244
What is the highest common factor of 347 and 24387507?
347
Calculate the greatest common factor of 14529151 and 152425.
6097
What is the highest common divisor of 517693 and 349257?
2477
Calculate the highest common factor of 1589 and 12982357.
227
What is the highest common factor of 46756995 and 75?
15
Calculate the highest common divisor of 247821 and 77.
7
Calculate the greatest common factor of 9894 and 139332.
102
What is the greatest common factor of 663052 and 31980?
2132
Calculate the greatest common divisor of 9315 and 2483540.
115
Calculate the highest common factor of 38052 and 389127.
453
Calculate the highest common factor of 146800227 and 196.
49
Calculate the highest common divisor of 8150365 and 6200.
155
What is the greatest common divisor of 28012602 and 120?
6
What is the greatest common factor of 26485 and 12612157?
5297
What is the greatest common divisor of 37164 and 75212?
4
What is the highest common factor of 20 and 261925860?
20
Calculate the greatest common divisor of 57036 and 40446.
42
What is the highest common factor of 106176879 and 81?
27
Calculate the highest common divisor of 1362 and 22648471.
227
Calculate the greatest common factor of 1379667 and 26865.
597
What is the greatest common factor of 4510335 and 303711?
4533
What is the highest common divisor of 211667408 and 8?
8
What is the highest common divisor of 1970534688 and 912?
912
What is the greatest common divisor of 882 and 110439?
63
Calculate the highest common divisor of 85714760 and 60.
20
What is the highest common divisor of 17117964 and 423?
423
Calculate the highest common divisor of 396421300 and 2900.
2900
Calculate the greatest common factor of 194370783 and 1371.
1371
Calculate the greatest common factor of 20099782 and 1016.
254
What is the greatest common divisor of 3737 and 560143?
37
Calculate the highest common factor of 60085410 and 1036.
518
Calculate the highest common factor of 1178 and 225810510.
62
What is the highest common divisor of 103014 and 5319?
9
Calculate the greatest common factor of 308 and 3107468.
28
What is the greatest common factor of 711 and 1513603818?
711
Calculate the highest common factor of 83079380 and 9920.
620
What is the greatest common divisor of 352432854 and 126?
18
Calculate the highest common factor of 30475 and 35250300.
1325
What is the highest common factor of 41785589 and 89?
89
Calculate the greatest common divisor of 991632 and 1908552.
6792
Calculate the highest common factor of 1037 and 182720437.
1037
What is the greatest common factor of 350076777 and 87?
87
Calculate the greatest common divisor of 89223440 and 46.
46
What is the greatest common divisor of 2153598 and 14442?
174
What is the highest common divisor of 230116 and 1828?
4
What is the greatest common factor of 36 and 54802161?
9
What is the greatest common factor of 2709 and 2607993?
387
Calculate the highest common divisor of 73442499 and 52.
13
Calculate the greatest common divisor of 347903347 and 33.
11
Calculate the greatest common factor of 16218 and 374238.
306
What is the greatest common divisor of 55081 and 109385068?
2899
What is the highest common factor of 58464 and 74242?
14
Calculate the greatest common factor of 504 and 48485654.
14
Calculate the highest common divisor of 3589 and 16199.
97
Calculate the greatest common divisor of 15221474 and 10809.
1201
Calculate the greatest common factor of 55753179 and 3399.
309
Calculate the greatest common factor of 16986 and 6544080.
894
Calculate the highest common factor of 5088257 and 2489.
19
What is the greatest common factor of 624 and 62057073?
39
What is the greatest common divisor of 735 and 3853899?
147
Calculate the greatest common factor of 32144 and 2256968.
2296
Calculate the highest common divisor of 7826 and 248794.
182
What is the highest common factor of 3452779 and 1012?
11
Calculate the highest common factor of 3394160 and 16940.
1540
What is the highest common divisor of 5974 and 20523677?
2987
What is the highest common factor of 1414 and 9223118?
202
Calculate the greatest common divisor of 44858023 and 4681.
4681
What is the greatest common divisor of 69257384 and 3976?
56
What is the highest common factor of 6008683 and 59677?
719
What is the highest common divisor of 540 and 455505390?
270
Calculate the greatest common factor of 3393008 and 294026.
2602
Calculate the greatest common factor of 885 and 2736630.
15
Calculate the greatest common divisor of 286192 and 372.
124
What is the highest common divisor of 18834 and 130935?
129
Calculate the highest common factor of 608992 and 10.
2
Calculate the highest common divisor of 69666 and 14265138.
4098
What is the greatest common divisor of 2820180 and 2376?
132
Calculate the greatest common divisor of 84444 and 534.
6
What is the highest common divisor of 22771908 and 34?
34
What is the greatest common divisor of 789 and 206180691?
789
What is the highest common factor of 4725708 and 20917?
13
What is the highest common divisor of 109995479 and 2761?
2761
What is the highest common divisor of 30722649 and 804?
201
Calculate the greatest common factor of 11861070 and 11310.
390
What is the greatest common factor of 184900770 and 8136?
2034
What is the highest common factor of 98 and 27290?
2
What is the highest common divisor of 49268 and 1093052?
436
What is the greatest common factor of 3244795 and 2373?
113
Calculate the highest common divisor of 27 and 6046792452.
27
What is the greatest common factor of 129766 and 181286?
322
What is the highest common factor of 34049106 and 2786?
14
What is the greatest common divisor of 25745123 and 6?
1
Calculate the greatest common factor of 348777 and 683462.
3523
What is the highest common divisor of 106714 and 181826?
458
Calculate the greatest common divisor of 9213 and 1401621.
249
What is the greatest common divisor of 294 and 2008498044?
294
What is the highest common divisor of 4678012 and 17404?
916
Calculate the highest common divisor of 7419820 and 1727.
157
Calculate the greatest common divisor of 780 and 325472030.
130
Calculate the highes